{"id":2,"date":"2023-06-22T19:48:18","date_gmt":"2023-06-22T19:48:18","guid":{"rendered":"https:\/\/sevarca.com\/?page_id=2"},"modified":"2023-06-23T17:44:52","modified_gmt":"2023-06-23T17:44:52","slug":"sevarca","status":"publish","type":"page","link":"https:\/\/sevarca.com\/","title":{"rendered":"Sevarca"},"content":{"rendered":"\t\t<div data-elementor-type=\"wp-page\" data-elementor-id=\"2\" class=\"elementor elementor-2\">\n\t\t\t\t\t\t\t\t\t<section class=\"elementor-section elementor-top-section elementor-element elementor-element-d9244cd elementor-section-full_width elementor-section-height-full elementor-section-items-stretch elementor-section-content-middle elementor-section-stretched elementor-section-height-default\" data-id=\"d9244cd\" data-element_type=\"section\" data-settings=\"{&quot;stretch_section&quot;:&quot;section-stretched&quot;}\">\n\t\t\t\t\t\t<div class=\"elementor-container elementor-column-gap-default\">\n\t\t\t\t\t<div class=\"elementor-column elementor-col-50 elementor-top-column elementor-element elementor-element-90ec48b\" data-id=\"90ec48b\" data-element_type=\"column\" data-settings=\"{&quot;background_background&quot;:&quot;classic&quot;}\">\n\t\t\t<div class=\"elementor-widget-wrap elementor-element-populated\">\n\t\t\t\t\t<div class=\"elementor-background-overlay\"><\/div>\n\t\t\t\t\t\t\t\t<div class=\"elementor-element elementor-element-c56b75c elementor-widget elementor-widget-image\" data-id=\"c56b75c\" data-element_type=\"widget\" data-widget_type=\"image.default\">\n\t\t\t\t<div class=\"elementor-widget-container\">\n\t\t\t<style>\/*! elementor - v3.14.0 - 18-06-2023 *\/\n.elementor-widget-image{text-align:center}.elementor-widget-image a{display:inline-block}.elementor-widget-image a img[src$=\".svg\"]{width:48px}.elementor-widget-image img{vertical-align:middle;display:inline-block}<\/style>\t\t\t\t\t\t\t\t\t\t\t\t<img loading=\"lazy\" decoding=\"async\" width=\"3396\" height=\"2000\" src=\"https:\/\/sevarca.com\/wp-content\/uploads\/2023\/06\/Logo-Horizontal2.png\" class=\"attachment-full size-full wp-image-31\" alt=\"\" srcset=\"https:\/\/sevarca.com\/wp-content\/uploads\/2023\/06\/Logo-Horizontal2.png 3396w, https:\/\/sevarca.com\/wp-content\/uploads\/2023\/06\/Logo-Horizontal2-300x177.png 300w, https:\/\/sevarca.com\/wp-content\/uploads\/2023\/06\/Logo-Horizontal2-1024x603.png 1024w, https:\/\/sevarca.com\/wp-content\/uploads\/2023\/06\/Logo-Horizontal2-768x452.png 768w, https:\/\/sevarca.com\/wp-content\/uploads\/2023\/06\/Logo-Horizontal2-1536x905.png 1536w, https:\/\/sevarca.com\/wp-content\/uploads\/2023\/06\/Logo-Horizontal2-2048x1206.png 2048w\" sizes=\"auto, (max-width: 3396px) 100vw, 3396px\" \/>\t\t\t\t\t\t\t\t\t\t\t\t\t\t\t<\/div>\n\t\t\t\t<\/div>\n\t\t\t\t\t<\/div>\n\t\t<\/div>\n\t\t\t\t<div class=\"elementor-column elementor-col-50 elementor-top-column elementor-element elementor-element-a88ca44\" data-id=\"a88ca44\" data-element_type=\"column\">\n\t\t\t<div class=\"elementor-widget-wrap elementor-element-populated\">\n\t\t\t\t\t\t\t\t<div class=\"elementor-element elementor-element-95efeb9 elementor-widget elementor-widget-heading\" data-id=\"95efeb9\" data-element_type=\"widget\" data-widget_type=\"heading.default\">\n\t\t\t\t<div class=\"elementor-widget-container\">\n\t\t\t<style>\/*! elementor - v3.14.0 - 18-06-2023 *\/\n.elementor-heading-title{padding:0;margin:0;line-height:1}.elementor-widget-heading .elementor-heading-title[class*=elementor-size-]>a{color:inherit;font-size:inherit;line-height:inherit}.elementor-widget-heading .elementor-heading-title.elementor-size-small{font-size:15px}.elementor-widget-heading .elementor-heading-title.elementor-size-medium{font-size:19px}.elementor-widget-heading .elementor-heading-title.elementor-size-large{font-size:29px}.elementor-widget-heading .elementor-heading-title.elementor-size-xl{font-size:39px}.elementor-widget-heading .elementor-heading-title.elementor-size-xxl{font-size:59px}<\/style><h2 class=\"elementor-heading-title elementor-size-default\">Arq. Xavier Aroca Lucas<\/h2>\t\t<\/div>\n\t\t\t\t<\/div>\n\t\t\t\t<div class=\"elementor-element elementor-element-6641a1c elementor-widget elementor-widget-text-editor\" data-id=\"6641a1c\" data-element_type=\"widget\" data-widget_type=\"text-editor.default\">\n\t\t\t\t<div class=\"elementor-widget-container\">\n\t\t\t<style>\/*! elementor - v3.14.0 - 18-06-2023 *\/\n.elementor-widget-text-editor.elementor-drop-cap-view-stacked .elementor-drop-cap{background-color:#69727d;color:#fff}.elementor-widget-text-editor.elementor-drop-cap-view-framed .elementor-drop-cap{color:#69727d;border:3px solid;background-color:transparent}.elementor-widget-text-editor:not(.elementor-drop-cap-view-default) .elementor-drop-cap{margin-top:8px}.elementor-widget-text-editor:not(.elementor-drop-cap-view-default) .elementor-drop-cap-letter{width:1em;height:1em}.elementor-widget-text-editor .elementor-drop-cap{float:left;text-align:center;line-height:1;font-size:50px}.elementor-widget-text-editor .elementor-drop-cap-letter{display:inline-block}<\/style>\t\t\t\t<p>Empresa dedicada a la construcci\u00f3n, en todas sus etapas, dise\u00f1o, ejecuci\u00f3n, planificaci\u00f3n, fiscalizaci\u00f3n y control de proyectos.<\/p>\t\t\t\t\t\t<\/div>\n\t\t\t\t<\/div>\n\t\t\t\t<section class=\"elementor-section elementor-inner-section elementor-element elementor-element-bd9ee9f elementor-section-boxed elementor-section-height-default elementor-section-height-default\" data-id=\"bd9ee9f\" data-element_type=\"section\">\n\t\t\t\t\t\t<div class=\"elementor-container elementor-column-gap-default\">\n\t\t\t\t\t<div class=\"elementor-column elementor-col-25 elementor-inner-column elementor-element elementor-element-71dedd5\" data-id=\"71dedd5\" data-element_type=\"column\" data-settings=\"{&quot;background_background&quot;:&quot;classic&quot;}\">\n\t\t\t<div class=\"elementor-widget-wrap elementor-element-populated\">\n\t\t\t\t\t\t\t\t<div class=\"elementor-element elementor-element-7e0e77d elementor-widget elementor-widget-image\" data-id=\"7e0e77d\" data-element_type=\"widget\" data-widget_type=\"image.default\">\n\t\t\t\t<div class=\"elementor-widget-container\">\n\t\t\t\t\t\t\t\t\t\t\t\t\t\t\t<img loading=\"lazy\" decoding=\"async\" width=\"206\" height=\"206\" src=\"https:\/\/sevarca.com\/wp-content\/uploads\/2023\/06\/Recurso-2.png\" class=\"attachment-large size-large wp-image-41\" alt=\"\" srcset=\"https:\/\/sevarca.com\/wp-content\/uploads\/2023\/06\/Recurso-2.png 206w, https:\/\/sevarca.com\/wp-content\/uploads\/2023\/06\/Recurso-2-150x150.png 150w\" sizes=\"auto, (max-width: 206px) 100vw, 206px\" \/>\t\t\t\t\t\t\t\t\t\t\t\t\t\t\t<\/div>\n\t\t\t\t<\/div>\n\t\t\t\t<div class=\"elementor-element elementor-element-d16ae6b elementor-widget elementor-widget-heading\" data-id=\"d16ae6b\" data-element_type=\"widget\" data-widget_type=\"heading.default\">\n\t\t\t\t<div class=\"elementor-widget-container\">\n\t\t\t<h5 class=\"elementor-heading-title elementor-size-default\">Dise\u00f1o<\/h5>\t\t<\/div>\n\t\t\t\t<\/div>\n\t\t\t\t\t<\/div>\n\t\t<\/div>\n\t\t\t\t<div class=\"elementor-column elementor-col-25 elementor-inner-column elementor-element elementor-element-b343598\" data-id=\"b343598\" data-element_type=\"column\" data-settings=\"{&quot;background_background&quot;:&quot;classic&quot;}\">\n\t\t\t<div class=\"elementor-widget-wrap elementor-element-populated\">\n\t\t\t\t\t\t\t\t<div class=\"elementor-element elementor-element-2843d41 elementor-widget elementor-widget-image\" data-id=\"2843d41\" data-element_type=\"widget\" data-widget_type=\"image.default\">\n\t\t\t\t<div class=\"elementor-widget-container\">\n\t\t\t\t\t\t\t\t\t\t\t\t\t\t\t<img loading=\"lazy\" decoding=\"async\" width=\"207\" height=\"206\" src=\"https:\/\/sevarca.com\/wp-content\/uploads\/2023\/06\/Recurso-5.png\" class=\"attachment-large size-large wp-image-44\" alt=\"\" srcset=\"https:\/\/sevarca.com\/wp-content\/uploads\/2023\/06\/Recurso-5.png 207w, https:\/\/sevarca.com\/wp-content\/uploads\/2023\/06\/Recurso-5-150x150.png 150w\" sizes=\"auto, (max-width: 207px) 100vw, 207px\" \/>\t\t\t\t\t\t\t\t\t\t\t\t\t\t\t<\/div>\n\t\t\t\t<\/div>\n\t\t\t\t<div class=\"elementor-element elementor-element-10c4171 elementor-widget elementor-widget-heading\" data-id=\"10c4171\" data-element_type=\"widget\" data-widget_type=\"heading.default\">\n\t\t\t\t<div class=\"elementor-widget-container\">\n\t\t\t<h5 class=\"elementor-heading-title elementor-size-default\">Fiscalizaci\u00f3n<\/h5>\t\t<\/div>\n\t\t\t\t<\/div>\n\t\t\t\t\t<\/div>\n\t\t<\/div>\n\t\t\t\t<div class=\"elementor-column elementor-col-25 elementor-inner-column elementor-element elementor-element-2a0da5b\" data-id=\"2a0da5b\" data-element_type=\"column\" data-settings=\"{&quot;background_background&quot;:&quot;classic&quot;}\">\n\t\t\t<div class=\"elementor-widget-wrap elementor-element-populated\">\n\t\t\t\t\t\t\t\t<div class=\"elementor-element elementor-element-e8c0934 elementor-widget elementor-widget-image\" data-id=\"e8c0934\" data-element_type=\"widget\" data-widget_type=\"image.default\">\n\t\t\t\t<div class=\"elementor-widget-container\">\n\t\t\t\t\t\t\t\t\t\t\t\t\t\t\t<img loading=\"lazy\" decoding=\"async\" width=\"207\" height=\"206\" src=\"https:\/\/sevarca.com\/wp-content\/uploads\/2023\/06\/Recurso-4.png\" class=\"attachment-large size-large wp-image-43\" alt=\"\" srcset=\"https:\/\/sevarca.com\/wp-content\/uploads\/2023\/06\/Recurso-4.png 207w, https:\/\/sevarca.com\/wp-content\/uploads\/2023\/06\/Recurso-4-150x150.png 150w\" sizes=\"auto, (max-width: 207px) 100vw, 207px\" \/>\t\t\t\t\t\t\t\t\t\t\t\t\t\t\t<\/div>\n\t\t\t\t<\/div>\n\t\t\t\t<div class=\"elementor-element elementor-element-1eb41bb elementor-widget elementor-widget-heading\" data-id=\"1eb41bb\" data-element_type=\"widget\" data-widget_type=\"heading.default\">\n\t\t\t\t<div class=\"elementor-widget-container\">\n\t\t\t<h5 class=\"elementor-heading-title elementor-size-default\">Consultor\u00eda<\/h5>\t\t<\/div>\n\t\t\t\t<\/div>\n\t\t\t\t\t<\/div>\n\t\t<\/div>\n\t\t\t\t<div class=\"elementor-column elementor-col-25 elementor-inner-column elementor-element elementor-element-9450dd1\" data-id=\"9450dd1\" data-element_type=\"column\" data-settings=\"{&quot;background_background&quot;:&quot;classic&quot;}\">\n\t\t\t<div class=\"elementor-widget-wrap elementor-element-populated\">\n\t\t\t\t\t\t\t\t<div class=\"elementor-element elementor-element-d206ce8 elementor-widget elementor-widget-image\" data-id=\"d206ce8\" data-element_type=\"widget\" data-widget_type=\"image.default\">\n\t\t\t\t<div class=\"elementor-widget-container\">\n\t\t\t\t\t\t\t\t\t\t\t\t\t\t\t<img loading=\"lazy\" decoding=\"async\" width=\"207\" height=\"206\" src=\"https:\/\/sevarca.com\/wp-content\/uploads\/2023\/06\/Recurso-3.png\" class=\"attachment-large size-large wp-image-42\" alt=\"\" srcset=\"https:\/\/sevarca.com\/wp-content\/uploads\/2023\/06\/Recurso-3.png 207w, https:\/\/sevarca.com\/wp-content\/uploads\/2023\/06\/Recurso-3-150x150.png 150w\" sizes=\"auto, (max-width: 207px) 100vw, 207px\" \/>\t\t\t\t\t\t\t\t\t\t\t\t\t\t\t<\/div>\n\t\t\t\t<\/div>\n\t\t\t\t<div class=\"elementor-element elementor-element-059a988 elementor-widget elementor-widget-heading\" data-id=\"059a988\" data-element_type=\"widget\" data-widget_type=\"heading.default\">\n\t\t\t\t<div class=\"elementor-widget-container\">\n\t\t\t<h5 class=\"elementor-heading-title elementor-size-default\">Construcci\u00f3n<\/h5>\t\t<\/div>\n\t\t\t\t<\/div>\n\t\t\t\t\t<\/div>\n\t\t<\/div>\n\t\t\t\t\t\t\t<\/div>\n\t\t<\/section>\n\t\t\t\t<div class=\"elementor-element elementor-element-5f700091 elementor-widget-divider--view-line elementor-widget elementor-widget-divider\" data-id=\"5f700091\" data-element_type=\"widget\" data-widget_type=\"divider.default\">\n\t\t\t\t<div class=\"elementor-widget-container\">\n\t\t\t<style>\/*! elementor - v3.14.0 - 18-06-2023 *\/\n.elementor-widget-divider{--divider-border-style:none;--divider-border-width:1px;--divider-color:#0c0d0e;--divider-icon-size:20px;--divider-element-spacing:10px;--divider-pattern-height:24px;--divider-pattern-size:20px;--divider-pattern-url:none;--divider-pattern-repeat:repeat-x}.elementor-widget-divider .elementor-divider{display:flex}.elementor-widget-divider .elementor-divider__text{font-size:15px;line-height:1;max-width:95%}.elementor-widget-divider .elementor-divider__element{margin:0 var(--divider-element-spacing);flex-shrink:0}.elementor-widget-divider .elementor-icon{font-size:var(--divider-icon-size)}.elementor-widget-divider .elementor-divider-separator{display:flex;margin:0;direction:ltr}.elementor-widget-divider--view-line_icon .elementor-divider-separator,.elementor-widget-divider--view-line_text .elementor-divider-separator{align-items:center}.elementor-widget-divider--view-line_icon .elementor-divider-separator:after,.elementor-widget-divider--view-line_icon .elementor-divider-separator:before,.elementor-widget-divider--view-line_text .elementor-divider-separator:after,.elementor-widget-divider--view-line_text .elementor-divider-separator:before{display:block;content:\"\";border-bottom:0;flex-grow:1;border-top:var(--divider-border-width) var(--divider-border-style) var(--divider-color)}.elementor-widget-divider--element-align-left .elementor-divider .elementor-divider-separator>.elementor-divider__svg:first-of-type{flex-grow:0;flex-shrink:100}.elementor-widget-divider--element-align-left .elementor-divider-separator:before{content:none}.elementor-widget-divider--element-align-left .elementor-divider__element{margin-left:0}.elementor-widget-divider--element-align-right .elementor-divider .elementor-divider-separator>.elementor-divider__svg:last-of-type{flex-grow:0;flex-shrink:100}.elementor-widget-divider--element-align-right .elementor-divider-separator:after{content:none}.elementor-widget-divider--element-align-right .elementor-divider__element{margin-right:0}.elementor-widget-divider:not(.elementor-widget-divider--view-line_text):not(.elementor-widget-divider--view-line_icon) .elementor-divider-separator{border-top:var(--divider-border-width) var(--divider-border-style) var(--divider-color)}.elementor-widget-divider--separator-type-pattern{--divider-border-style:none}.elementor-widget-divider--separator-type-pattern.elementor-widget-divider--view-line .elementor-divider-separator,.elementor-widget-divider--separator-type-pattern:not(.elementor-widget-divider--view-line) .elementor-divider-separator:after,.elementor-widget-divider--separator-type-pattern:not(.elementor-widget-divider--view-line) .elementor-divider-separator:before,.elementor-widget-divider--separator-type-pattern:not([class*=elementor-widget-divider--view]) .elementor-divider-separator{width:100%;min-height:var(--divider-pattern-height);-webkit-mask-size:var(--divider-pattern-size) 100%;mask-size:var(--divider-pattern-size) 100%;-webkit-mask-repeat:var(--divider-pattern-repeat);mask-repeat:var(--divider-pattern-repeat);background-color:var(--divider-color);-webkit-mask-image:var(--divider-pattern-url);mask-image:var(--divider-pattern-url)}.elementor-widget-divider--no-spacing{--divider-pattern-size:auto}.elementor-widget-divider--bg-round{--divider-pattern-repeat:round}.rtl .elementor-widget-divider .elementor-divider__text{direction:rtl}.e-con-inner>.elementor-widget-divider,.e-con>.elementor-widget-divider{width:var(--container-widget-width,100%);--flex-grow:var(--container-widget-flex-grow)}<\/style>\t\t<div class=\"elementor-divider\">\n\t\t\t<span class=\"elementor-divider-separator\">\n\t\t\t\t\t\t<\/span>\n\t\t<\/div>\n\t\t\t\t<\/div>\n\t\t\t\t<\/div>\n\t\t\t\t<div class=\"elementor-element elementor-element-76b87bbf elementor-invisible elementor-widget elementor-widget-elementskit-social-media\" data-id=\"76b87bbf\" data-element_type=\"widget\" data-settings=\"{&quot;_animation&quot;:&quot;fadeInDown&quot;}\" data-widget_type=\"elementskit-social-media.default\">\n\t\t\t\t<div class=\"elementor-widget-container\">\n\t\t\t<div class=\"ekit-wid-con\" >\t\t\t <ul class=\"ekit_social_media\">\n\t\t\t\t\t\t\t\t\t\t\t\t\t\t<li class=\"elementor-repeater-item-a2ab2a0\">\n\t\t\t\t\t    <a\n\t\t\t\t\t\thref=\"https:\/\/instagram.com\/sevarcaproyectos?igshid=MzRlODBiNWFlZA==\" aria-label=\"Instagram\" class=\"1\" >\n\t\t\t\t\t\t\t\n\t\t\t\t\t\t\t<i aria-hidden=\"true\" class=\"icon icon-instagram-1\"><\/i>\n                                                                                    Instagram                                                                                <\/a>\n                    <\/li>\n                    \t\t\t\t\t\t\t\t\t\t\t\t\t\t<li class=\"elementor-repeater-item-2cda751\">\n\t\t\t\t\t    <a\n\t\t\t\t\t\thref=\"mailto:proyectos@sevarca.com\" aria-label=\"ESCR\u00cdBENOS\" class=\"envelope\" >\n\t\t\t\t\t\t\t\n\t\t\t\t\t\t\t<i aria-hidden=\"true\" class=\"far fa-envelope\"><\/i>\n                                                                                    ESCR\u00cdBENOS                                                                                <\/a>\n                    <\/li>\n                    \t\t\t\t\t\t\t\t\t\t\t\t\t\t<li class=\"elementor-repeater-item-72de78d\">\n\t\t\t\t\t    <a\n\t\t\t\t\t\thref=\"https:\/\/maps.app.goo.gl\/J5iDuD73gasuvetv5\" aria-label=\"COMO LLEGAR\" class=\"signs\" >\n\t\t\t\t\t\t\t\n\t\t\t\t\t\t\t<i aria-hidden=\"true\" class=\"fas fa-map-signs\"><\/i>\n                                                                                    COMO LLEGAR                                                                                <\/a>\n                    <\/li>\n                    \t\t\t\t\t\t\t<\/ul>\n\t\t<\/div>\t\t<\/div>\n\t\t\t\t<\/div>\n\t\t\t\t<div class=\"elementor-element elementor-element-36b070ef elementor-fixed re elementor-widget__width-auto animated-slow elementor-widget elementor-widget-image\" data-id=\"36b070ef\" data-element_type=\"widget\" data-settings=\"{&quot;_animation&quot;:&quot;none&quot;,&quot;_position&quot;:&quot;fixed&quot;}\" data-widget_type=\"image.default\">\n\t\t\t\t<div class=\"elementor-widget-container\">\n\t\t\t\t\t\t\t\t\t\t\t\t\t\t\t\t<a href=\"https:\/\/api.whatsapp.com\/send?phone=593963952968&#038;text=Hola,%20necesito%20informaci%C3%B3n%20de%20los%20servicios\" target=\"_blank\">\n\t\t\t\t\t\t\t<img loading=\"lazy\" decoding=\"async\" width=\"113\" height=\"114\" src=\"https:\/\/sevarca.com\/wp-content\/uploads\/2023\/06\/WA-Logo-1.png\" class=\"elementor-animation-pulse-grow attachment-large size-large wp-image-19\" alt=\"\" \/>\t\t\t\t\t\t\t\t<\/a>\n\t\t\t\t\t\t\t\t\t\t\t\t\t\t\t<\/div>\n\t\t\t\t<\/div>\n\t\t\t\t\t<\/div>\n\t\t<\/div>\n\t\t\t\t\t\t\t<\/div>\n\t\t<\/section>\n\t\t\t\t\t\t\t<\/div>\n\t\t","protected":false},"excerpt":{"rendered":"<p>Arq. Xavier Aroca Lucas Empresa dedicada a la construcci\u00f3n, en todas sus etapas, dise\u00f1o, ejecuci\u00f3n, planificaci\u00f3n, fiscalizaci\u00f3n y control de proyectos. Dise\u00f1o Fiscalizaci\u00f3n Consultor\u00eda Construcci\u00f3n Instagram ESCR\u00cdBENOS COMO LLEGAR<\/p>\n","protected":false},"author":1,"featured_media":106,"parent":0,"menu_order":0,"comment_status":"closed","ping_status":"closed","template":"elementor_canvas","meta":{"footnotes":""},"class_list":["post-2","page","type-page","status-publish","has-post-thumbnail","hentry"],"yoast_head":"<!-- This site is optimized with the Yoast SEO plugin v20.9 - https:\/\/yoast.com\/wordpress\/plugins\/seo\/ -->\n<title>Sevarca | Proyectos con Visi\u00f3n<\/title>\n<meta name=\"description\" content=\"Empresa dedicada a la construcci\u00f3n, en todas sus etapas, dise\u00f1o, ejecuci\u00f3n, planificaci\u00f3n, fiscalizaci\u00f3n y control de proyectos.\" \/>\n<meta name=\"robots\" content=\"index, follow, max-snippet:-1, max-image-preview:large, max-video-preview:-1\" \/>\n<link rel=\"canonical\" href=\"https:\/\/sevarca.com\/\" \/>\n<meta property=\"og:locale\" content=\"en_US\" \/>\n<meta property=\"og:type\" content=\"article\" \/>\n<meta property=\"og:title\" content=\"Sevarca | Proyectos con Visi\u00f3n\" \/>\n<meta property=\"og:description\" content=\"Empresa dedicada a la construcci\u00f3n, en todas sus etapas, dise\u00f1o, ejecuci\u00f3n, planificaci\u00f3n, fiscalizaci\u00f3n y control de proyectos.\" \/>\n<meta property=\"og:url\" content=\"https:\/\/sevarca.com\/\" \/>\n<meta property=\"og:site_name\" content=\"SEVARCA\" \/>\n<meta property=\"article:modified_time\" content=\"2023-06-23T17:44:52+00:00\" \/>\n<meta property=\"og:image\" content=\"https:\/\/sevarca.com\/wp-content\/uploads\/2023\/06\/arquitectura.jpg\" \/>\n\t<meta property=\"og:image:width\" content=\"1000\" \/>\n\t<meta property=\"og:image:height\" content=\"668\" \/>\n\t<meta property=\"og:image:type\" content=\"image\/jpeg\" \/>\n<meta name=\"twitter:card\" content=\"summary_large_image\" \/>\n<meta name=\"twitter:label1\" content=\"Est. reading time\" \/>\n\t<meta name=\"twitter:data1\" content=\"2 minutes\" \/>\n<script type=\"application\/ld+json\" class=\"yoast-schema-graph\">{\"@context\":\"https:\/\/schema.org\",\"@graph\":[{\"@type\":\"WebPage\",\"@id\":\"https:\/\/sevarca.com\/\",\"url\":\"https:\/\/sevarca.com\/\",\"name\":\"Sevarca | Proyectos con Visi\u00f3n\",\"isPartOf\":{\"@id\":\"https:\/\/sevarca.com\/#website\"},\"datePublished\":\"2023-06-22T19:48:18+00:00\",\"dateModified\":\"2023-06-23T17:44:52+00:00\",\"description\":\"Empresa dedicada a la construcci\u00f3n, en todas sus etapas, dise\u00f1o, ejecuci\u00f3n, planificaci\u00f3n, fiscalizaci\u00f3n y control de proyectos.\",\"breadcrumb\":{\"@id\":\"https:\/\/sevarca.com\/#breadcrumb\"},\"inLanguage\":\"en-US\",\"potentialAction\":[{\"@type\":\"ReadAction\",\"target\":[\"https:\/\/sevarca.com\/\"]}]},{\"@type\":\"BreadcrumbList\",\"@id\":\"https:\/\/sevarca.com\/#breadcrumb\",\"itemListElement\":[{\"@type\":\"ListItem\",\"position\":1,\"name\":\"Portada\",\"item\":\"https:\/\/sevarca.com\/\"},{\"@type\":\"ListItem\",\"position\":2,\"name\":\"Sevarca\"}]},{\"@type\":\"WebSite\",\"@id\":\"https:\/\/sevarca.com\/#website\",\"url\":\"https:\/\/sevarca.com\/\",\"name\":\"SEVARCA\",\"description\":\"PROYECTOS CON VISION\",\"potentialAction\":[{\"@type\":\"SearchAction\",\"target\":{\"@type\":\"EntryPoint\",\"urlTemplate\":\"https:\/\/sevarca.com\/?s={search_term_string}\"},\"query-input\":\"required name=search_term_string\"}],\"inLanguage\":\"en-US\"}]}<\/script>\n<!-- \/ Yoast SEO plugin. -->","yoast_head_json":{"title":"Sevarca | Proyectos con Visi\u00f3n","description":"Empresa dedicada a la construcci\u00f3n, en todas sus etapas, dise\u00f1o, ejecuci\u00f3n, planificaci\u00f3n, fiscalizaci\u00f3n y control de proyectos.","robots":{"index":"index","follow":"follow","max-snippet":"max-snippet:-1","max-image-preview":"max-image-preview:large","max-video-preview":"max-video-preview:-1"},"canonical":"https:\/\/sevarca.com\/","og_locale":"en_US","og_type":"article","og_title":"Sevarca | Proyectos con Visi\u00f3n","og_description":"Empresa dedicada a la construcci\u00f3n, en todas sus etapas, dise\u00f1o, ejecuci\u00f3n, planificaci\u00f3n, fiscalizaci\u00f3n y control de proyectos.","og_url":"https:\/\/sevarca.com\/","og_site_name":"SEVARCA","article_modified_time":"2023-06-23T17:44:52+00:00","og_image":[{"width":1000,"height":668,"url":"https:\/\/sevarca.com\/wp-content\/uploads\/2023\/06\/arquitectura.jpg","type":"image\/jpeg"}],"twitter_card":"summary_large_image","twitter_misc":{"Est. reading time":"2 minutes"},"schema":{"@context":"https:\/\/schema.org","@graph":[{"@type":"WebPage","@id":"https:\/\/sevarca.com\/","url":"https:\/\/sevarca.com\/","name":"Sevarca | Proyectos con Visi\u00f3n","isPartOf":{"@id":"https:\/\/sevarca.com\/#website"},"datePublished":"2023-06-22T19:48:18+00:00","dateModified":"2023-06-23T17:44:52+00:00","description":"Empresa dedicada a la construcci\u00f3n, en todas sus etapas, dise\u00f1o, ejecuci\u00f3n, planificaci\u00f3n, fiscalizaci\u00f3n y control de proyectos.","breadcrumb":{"@id":"https:\/\/sevarca.com\/#breadcrumb"},"inLanguage":"en-US","potentialAction":[{"@type":"ReadAction","target":["https:\/\/sevarca.com\/"]}]},{"@type":"BreadcrumbList","@id":"https:\/\/sevarca.com\/#breadcrumb","itemListElement":[{"@type":"ListItem","position":1,"name":"Portada","item":"https:\/\/sevarca.com\/"},{"@type":"ListItem","position":2,"name":"Sevarca"}]},{"@type":"WebSite","@id":"https:\/\/sevarca.com\/#website","url":"https:\/\/sevarca.com\/","name":"SEVARCA","description":"PROYECTOS CON VISION","potentialAction":[{"@type":"SearchAction","target":{"@type":"EntryPoint","urlTemplate":"https:\/\/sevarca.com\/?s={search_term_string}"},"query-input":"required name=search_term_string"}],"inLanguage":"en-US"}]}},"_links":{"self":[{"href":"https:\/\/sevarca.com\/index.php\/wp-json\/wp\/v2\/pages\/2","targetHints":{"allow":["GET"]}}],"collection":[{"href":"https:\/\/sevarca.com\/index.php\/wp-json\/wp\/v2\/pages"}],"about":[{"href":"https:\/\/sevarca.com\/index.php\/wp-json\/wp\/v2\/types\/page"}],"author":[{"embeddable":true,"href":"https:\/\/sevarca.com\/index.php\/wp-json\/wp\/v2\/users\/1"}],"replies":[{"embeddable":true,"href":"https:\/\/sevarca.com\/index.php\/wp-json\/wp\/v2\/comments?post=2"}],"version-history":[{"count":84,"href":"https:\/\/sevarca.com\/index.php\/wp-json\/wp\/v2\/pages\/2\/revisions"}],"predecessor-version":[{"id":133,"href":"https:\/\/sevarca.com\/index.php\/wp-json\/wp\/v2\/pages\/2\/revisions\/133"}],"wp:featuredmedia":[{"embeddable":true,"href":"https:\/\/sevarca.com\/index.php\/wp-json\/wp\/v2\/media\/106"}],"wp:attachment":[{"href":"https:\/\/sevarca.com\/index.php\/wp-json\/wp\/v2\/media?parent=2"}],"curies":[{"name":"wp","href":"https:\/\/api.w.org\/{rel}","templated":true}]}}